) + -9). Let y be (-7)/(-4) + 2/8. Let l be y/(-2)*1 - -19. What is the highest common divisor of l and n?
18
Let v = 50 + -43. What is the greatest common factor of 49 and v?
7
Suppose -392 = -5*j + 118. Calculate the highest common divisor of 34 and j.
34
Suppose m - 25 - 20 = 0. Let p(d) = 5*d - 15. Let t be ((-1)/(-3))/(1/18). Let k be p(t). What is the highest common divisor of m and k?
15
Let l(x) = x**3 - 4*x**2 + 4*x + 1. Let s be l(3). Suppose 3*t = m - 87, 345 = m + s*m + 3*t. What is the highest common divisor of m and 8?
8
Suppose g - 2*g - 2*p - 1 = 0, 0 = 2*g + 2*p - 4. What is the greatest common divisor of g and 1?
1
Let l(c) = -c**3 + 7*c**2 + c + 1. Let v(m) = 2*m + 7. Let i be v(0). Let n be l(i). Let r = -1 + 2. What is the greatest common divisor of n and r?
1
Suppose n = 3*z + 175, -465 = -2*n - n - 3*z. Let t be 94/(-141) + (-124)/(-6). Calculate the greatest common divisor of t and n.
20
Let g = -96 + -48. Let q be ((-4)/(-3))/((-8)/g). What is the greatest common factor of 8 and q?
8
Suppose -5*h + 2*t = -141 - 13, 3*t = -3*h + 105. Calculate the highest common factor of h and 128.
32
Let o(r) = 8*r - 6. Let p be o(7). Let v be (-1 - -19)*p/15. Suppose -3*n - 4*u + 34 = -2*u, -4*n + 50 = -2*u. What is the greatest common factor of n and v?
12
Suppose 0 = -b + 122 - 34. Calculate the greatest common factor of 22 and b.
22
Let b(n) = n**2 - 4*n - 12. Let t be b(8). Calculate the greatest common factor of t and 20.
20
Let c(i) = -i**3 + i**2 + i + 5. Let r be c(0). Suppose 1 + 5 = 3*z. Calculate the highest common factor of r and z.
1
Suppose -4*p + 77 = 3*o, -o + 4*p - 4 + 3 = 0. Calculate the highest common factor of 95 and o.
19
Let d(m) = m + 11. Let i be d(-7). Suppose h - 1 = i. Suppose 5*v - v = 5*z + 35, -2*v = -z - 13. Calculate the greatest common factor of v and h.
5
Let a(o) = 3*o + 4*o**2 - 1 - o**2 - 2*o. Let j be a(1). Suppose -3*l + 7 + 74 = 0. Calculate the greatest common factor of l and j.
3
Suppose 360 = 5*w - 40. Let i(s) = s**2 - 4*s - 8. Let l be i(6). Suppose -5*b = 4*z - w, -l*z + 2*z = b - 22. What is the greatest common divisor of 60 and b?
12
Suppose t - 4*t = -21. What is the highest common divisor of t and 7?
7
Suppose -50 = -2*m + 3*t + 46, 26 = m + 4*t. Suppose -109 = -3*q + 5*f, -5*q = -q - 4*f - 132. What is the highest common factor of m and q?
14
Let f(p) = -7*p - 1. Let i be f(-1). Let h = -13 - -14. Suppose h - 9 = -2*u, -4*x = -4*u - 8. Calculate the highest common divisor of i and x.
6
Suppose 4*z = 9 - 17. Let k be 4/1 + 62 + z. Suppose -4*h - 32 = -8*h. What is the greatest common factor of k and h?
8
Let x(k) = k**2 - 11*k - 6. Let d be x(-3). Calculate the greatest common factor of d and 4.
4
Let r = 57 - -13. Calculate the highest common divisor of r and 20.
10
Let n be (-5)/((-35)/357)*1/3. Let o be 16/3 - 2/6. Suppose 0 = 3*w + 5*k - 46 - 204, o*w + 5*k - 420 = 0. What is the highest common factor of w and n?
17
Let w(r) = -r**3 + 5*r**2 + 5*r + 2. Let y be ((-1)/(-2))/((-4)/(-48)). Let a be w(y). Let n = a - -19. What is the greatest common divisor of n and 15?
15
Suppose -3*z + 15 = 0, 0*l = 4*l - 2*z - 158. Let s be (-29)/(-4) + 1/(-4). What is the highest common divisor of s and l?
7
Let m be (-6 + 1)*9/(-15). Suppose 6 = 2*t - m*r + 4*r, 0 = -r + 2. Suppose a + t*a = 3. What is the highest common factor of 1 and a?
1
Let l(b) = b + 6. Let m be l(-3). Suppose -m*x = x. Let u be x - (-3)/((-9)/(-330)). What is the highest common divisor of u and 10?
10
Let q = -29 - -63. Suppose -4*m - 120 = 3*l, 4*m - 25 = 2*l + 75. Let b = l - -129. Calculate the greatest common divisor of q and b.
17
Let a be 15/2 + (-3)/2. Calculate the highest common factor of a and 6.
6
Suppose 3*y + 10 = 43. Calculate the greatest common divisor of y and 88.
11
Suppose r + 0 = 4*c - 1, -5 = -r - 2*c. Suppose r*z - 286 = z. Calculate the greatest common factor of 13 and z.
13
Suppose 0*x - 43 = -4*n + 3*x, -2*n - 2*x = -32. Let u = 16 - n. Calculate the highest common divisor of u and 21.
3
Suppose -4*o + 75 = -125. Calculate the highest common factor of 20 and o.
10
Suppose 4*q - 81 = 5*h, 0 = 4*q + h - 78 + 27. What is the highest common divisor of q and 49?
7
Suppose 2*i = i + 55. Let d(b) = -2*b**2 + 17*b + 1. Let l be d(7). Calculate the highest common factor of l and i.
11
Let x = 1 - -2. Let b be 2/x + 44/6. Suppose -z = -5*z + 288. What is the greatest common divisor of b and z?
8
Let x be (-87 + 3)/((-6)/4). Let f be (-2)/4 - 34/(-4). Calculate the highest common factor of f and x.
8
Let x be ((-12)/10)/((-3)/50). Suppose 115 = -2*h - y + 2*y, 3*y = 9. Let g = -6 - h. Calculate the greatest common divisor of x and g.
10
Let b = 22 - 9. What is the greatest common factor of b and 65?
13
Suppose 2*g - 26 = -2. What is the highest common factor of g and 12?
12
Let l(i) = i**2 - 7*i - 13. Let v be l(9). Suppose -5 = -m + 2*c, -8 = v*m + 3*c - 33. Calculate the highest common factor of m and 40.
5
Suppose -188 = b - 6*b - 2*r, 3*b - 104 = r. Suppose 5*t + b = 421. Calculate the highest common factor of t and 11.
11
Let m(z) = -7*z. Let k be m(-3). Suppose 7 = -3*o + 4*o. What is the highest common divisor of o and k?
7
Suppose 5*q + 19 = 74. Suppose -5*x + 4 = -q. Let g be 294/9 + 2/6. What is the highest common factor of g and x?
3
Suppose -34 - 46 = 5*t. Let v be (-6)/30 - t/5. Suppose 92 = 3*i + 29. Calculate the highest common factor of v and i.
3
Suppose 42*q - 45*q + 255 = 0. What is the greatest common factor of q and 17?
17
Let z be -2*(-1)/(-2) - -23. Let f(w) = -w**3 + 6*w**2 + 6*w + 19. Let c be f(6). What is the highest common factor of z and c?
11
Let i be (-110)/(-6) - ((-7)/3)/(-7). Calculate the greatest common factor of 6 and i.
6
Suppose -3*p + 25 = 2*x - 4*p, 2*p = x - 14. Calculate the highest common divisor of 8 and x.
4
Let u = 40 - 28. Let d be u/16 - 82/(-8). Let w = 23 - 12. Calculate the highest common factor of w and d.
11
Let l be (3/1)/(1 - 0). Suppose -l*x - 12 = x. Let t = x + 6. What is the greatest common divisor of t and 9?
3
Suppose -5*c + 15 + 20 = 0. Calculate the highest common factor of 28 and c.
7
Let j be (-1)/(-3) + 20/(-6). Let b be (j + 3/4)*-4. What is the highest common divisor of b and 1?
1
Let i(b) = -2*b + 3. Let t be i(4). Let m(y) = y**2 - 3. Let o be m(t). Let x be 1/(-1) - (-33 + -1). What is the highest common divisor of o and x?
11
Let z be (24/10)/(3/90). Suppose -r + 2*r = 4. Suppose m + r*m - 90 = 0. What is the highest common divisor of m and z?
18
Suppose -3*m + 51 = 3. Let g(n) = -2 + 0 + 15 - 14*n + 1. Let k be g(-7). What is the greatest common factor of k and m?
16
Let g(x) = x**3 - 9*x**2 - 3. Let d be g(9). Let k = d + 6. Let n be (k/5)/(1/5). What is the greatest common factor of 15 and n?
3
Suppose 0 = -d - 0*d - 4*h - 6, 0 = -2*d + 4*h + 36. Suppose 5*r + 40 = 9*r. What is the greatest common divisor of d and r?
10
Let p = -2 + -1. Let n(c) = -8*c**3 - 3*c**2 - 2*c + 3. Let h be n(p). Let q(f) = -2*f + 6. Let s be q(-6). What is the greatest common factor of h and s?
18
Suppose -3*a = -r + 5, r - 1 + 5 = 0. Let i be (-54)/a*2/3. Let x = 73 - 13. Calculate the greatest common divisor of i and x.
12
Let t = 3 - 0. Calculate the greatest common divisor of t and 18.
3
Suppose 30 = 8*w - 3*w. Let n = w - 3. Suppose -n*d = -3*i + 4*i - 39, 5*d = 5*i - 95. What is the highest common factor of 168 and i?
24
Let q = -7 - -12. Let x(f) = f**3 - 5*f**2 + 6*f - 2. Let w be x(q). Let z = 69 + -27. What is the greatest common factor of z and w?
14
Suppose -2*f + 311 + 329 = 0. Suppose s - f = -s. What is the highest common factor of 64 and s?
32
Let h be 4 - (-1 + (0 - -2)). Suppose 0 = -3*p, -8 - 13 = -h*n + 4*p. Let z = -66 + 67. Calculate the highest common divisor of n and z.
1
Let x = -915 - -1570. Let j be 1/1 - x/(-5). Let p = 16 + -4. What is the greatest common factor of j and p?
12
Let y be 0/(-3)*2/4. Let d be (-6)/(-2)*(y + 3). Let l be 1491/d - (-4)/(-6). Calculate the greatest common factor of 15 and l.
15
Let s = 11 + 5. Suppose 5*c + 39 = a, -5*c - 159 + 56 = -2*a. Let l = a + 16. Calculate the greatest common divisor of s and l.
16
Let f(o) = -2*o + 3 + o - 1 - 5. Let u be f(-6). Calculate the highest common factor of 2 